second derivative of c(z). Give m(-4).
8
Let q = 11 - 5. Suppose -3*a + a - 11 = 5*x, 0 = -3*a + q. Let m(v) = -v - 1. Calculate m(x).
2
Let f = 0 - 2. Let l(h) = 11*h - 13. Let r(p) = -5*p + 6. Let k = -20 - -33. Let u(c) = k*r(c) + 6*l(c). What is u(f)?
-2
Let y(h) = h**2 - 6*h + 6. Let c(j) = 6*j**2 + j. Let b(t) = t + 6. Let g be b(-7). Let a be c(g). Determine y(a).
1
Let i = 32 + -11. Suppose i = 3*w + 3*j, -5*w - j + 37 = -w. Suppose 0*q - 25 = -q + 4*k, -4*q - 2*k + w = 0. Let x(p) = -p + 3. Calculate x(q).
-2
Suppose 4*v = -12 - 4. Let w(h) = 3*h - 6. Let g(r) = 3*r - 5. Let f(z) = v*w(z) + 5*g(z). Suppose 3*q - 9 + 3 = 0. What is f(q)?
5
Let n(x) = -x + 2 + 2*x - 1. Let d = -18 - -21. Calculate n(d).
4
Let n = -4 - -7. Suppose 0 = l - 5*m - 2, -n = 4*l + 5*m - 36. Let c be (-4)/(-14) - (-33)/l. Let s(t) = t**2 - 4*t - 6. Determine s(c).
-1
Let b be 3/(-2)*4/(-3). Suppose -f = -b*f + 3. Suppose -2*g = f*g + 20. Let x(q) = -q**2 - 5*q - 2. Give x(g).
2
Let a(c) = 14*c**2 + 29*c - 26. Let b(t) = 5*t**2 + 10*t - 9. Let i(l) = 4*a(l) - 11*b(l). Calculate i(-5).
-10
Let u(z) = -z**3 - z**2 + 4. Let n be (-6)/4*(-8)/(-12). Let c be 0/(-2 - (n + 0)). What is u(c)?
4
Let d(m) = 2*m + 1. Suppose 0*j - 15 = 5*j. Determine d(j).
-5
Let k(w) = w**2 + 10*w. Suppose -5*y + 51 = -4*j, 2*y - 20 + 5 = j. Give k(j).
-9
Let c(s) = 5*s - 1. Let o(a) = 4*a - 2. Let p(m) = -3*c(m) + 4*o(m). Calculate p(4).
-1
Let d(w) = -2*w + 3. Let j(a) = a + 1. Let k(o) = 2*d(o) - 2*j(o). Calculate k(3).
-14
Let g(d) = -20*d + 8. Let z(y) = -7*y + 3. Let n(j) = -3*g(j) + 8*z(j). Let i(u) = u**3 + 3*u**2 - 5*u - 3. Let p be i(-4). What is n(p)?
4
Suppose 4*n = -n. Let w(l) = -l - 2*l**2 + 3 + 3*l**2 - 5. Determine w(n).
-2
Let v(c) = -8*c**3 - c**2 - 2*c - 1. Suppose -5*z = -0*z + 5. Give v(z).
8
Let x(s) = 6*s - 3*s + 6 - 2*s. Let p(k) = k + 13. Let v be p(-9). Suppose v*b = 7*b. Determine x(b).
6
Let i(z) = -2*z**2 - 6*z + 9. Let o be i(-5). Let u(y) = y + 2. Let n be (-1)/(-3) - 7/3. Let m(p) = -5*p - 10. Let g(x) = n*m(x) + o*u(x). What is g(4)?
-6
Let v(n) = 3 - 2 + 2009*n**3 - 2010*n**3 - 6*n + 8*n**2. Calculate v(7).
8
Suppose 5*m - 10 = 5*r, -3*m + 14 = -5*r + 4. Suppose m*u = -u + 6. Let a(s) = s - 8. What is a(u)?
-2
Suppose -12 = -3*h + 3. Suppose -2*j + z = -h*j - 19, -13 = 5*j - 3*z. Let q(n) be the first derivative of n**2/2 + 6*n - 2. What is q(j)?
1
Let d be (-5)/(-1) + (0 - 2). Suppose v = -d*v - 3*g, -5*g - 17 = v. Let y(q) = -2*q**2 + 2*q + q**3 - q**2 + 1 - 5. What is y(v)?
2
Let f(n) = -n**2 + 2*n + 3. Let u be f(3). Suppose 3*i - 7 - 8 = u. Suppose 3*m - 14 = -2*g + g, i = -5*g. Let d(k) = k**3 - 6*k**2 + 8*k - 6. Give d(m).
9
Let f(r) = -r - 2. Suppose 4*k + n = 5*n - 12, -n = 5*k + 27. Let u be f(k). Let y(w) = -1 - 2*w - 4*w + u*w. Give y(1).
-4
Let l(x) be the third derivative of -x**6/360 + x**5/60 + x**4/8 + x**3/3 + 3*x**2. Let o(m) be the first derivative of l(m). Calculate o(3).
0
Let m(b) = -5*b**2 + 2*b**2 + 4*b**2 + 1. Let a be m(0). Let r(l) = -3*l - l - a + 7*l. Calculate r(1).
2
Suppose 17 = 2*a + 5. Suppose -a = -2*k, -5*l - 3*k = 190 - 19. Let p be l/10 - (-2)/(-5). Let n(r) = -r**2 - 6*r - 4. Calculate n(p).
4
Let l(g) be the second derivative of g**4/24 - 7*g**3/3 + g**2/2 - 5*g. Let d(h) be the first derivative of l(h). Calculate d(0).
-14
Let b(d) = -5 + 0*d**2 + 1 - d**3 + d - 6*d**2. Let q = 454 - 460. Give b(q).
-10
Suppose -15 = -4*o + o. Let t(g) = g - 3 - 3*g**2 - 2*g**3 - 2*g**3 - g**2 + o*g**3. Calculate t(4).
1
Let c(k) = 5*k**2 + 41*k + 16. Let z(j) = -j**2 - 8*j - 3. Let x(l) = 2*c(l) + 11*z(l). Let s(n) = -n**2 - 5*n - 6. Let p be s(-5). What is x(p)?
-1
Let m(v) be the third derivative of v**4/24 + v**3/6 - 2*v**2. Let c(o) = -o**3 + 5*o**2 - 6*o + 10. Let f be c(4). Calculate m(f).
3
Let w(m) = -2*m**2 + m**3 - 2*m**2 + m + m. Let d(t) = -t**2 - t + 2. Let i = -4 - -4. Let x be d(i). Determine w(x).
-4
Let y(c) = 4*c**2 + 3*c + 2*c**3 - 3*c - 2 + c. Suppose 1 = -m + 3. Let v = -4 + m. Give y(v).
-4
Let i be -6*(0 - 1/2). Suppose 0 = 4*a - i - 9. Let d(u) = -u**3 + 2*u**2 + 3*u - 2. Calculate d(a).
-2
Suppose -d - 11 = -4*d - 4*o, 1 = -5*d + 3*o. Let z(k) be the third derivative of k**6/30 - k**4/12 + k**3/6 - 8*k**2. Calculate z(d).
3
Let m(d) = -12*d**2 + 2*d - 1. Let s(k) = k**2 + 7*k + 7. Let i be s(-6). Calculate m(i).
-11
Let n(u) = u + 1 - 2*u + 0. Let x be (-2)/5 - (-12)/5. Determine n(x).
-1
Let s(d) be the first derivative of 9*d**2/2 + 3*d - 7. What is s(-3)?
-24
Let l(h) = -h**3 + h**2. Let k(w) = 3*w - 35. Let q be k(12). What is l(q)?
0
Let t(w) = -4*w**3 + 5*w**2 + 6*w - 5. Let a(n) = -5*n**3 + 5*n**2 + 6*n - 5. Let q(c) = -3*a(c) + 4*t(c). Give q(6).
-5
Let p(s) be the first derivative of -s**2 - 6*s - 3. Calculate p(-6).
6
Let s(i) = -i**3 + 11*i**2 - 10*i + 1. Let t be s(10). Let r be (-1)/((-1)/(-2) - t). Let q(u) = u**3 - 1 - u - 2*u**2 - 2*u**r - 2. Calculate q(4).
-7
Let p(n) = -6*n - 3. Let m(w) = -w**3 + 5*w**2 + w - 7. Let i be m(5). Determine p(i).
9
Suppose -l = 4*l - 10. Suppose l = -s + 5. Let z(q) = q**3 - 3*q**2 + 2*q - 3. Calculate z(s).
3
Let b be 8/4 - (-9)/(-1). Let p(x) be the second derivative of x**5/20 + 2*x**4/3 + 7*x**3/6 - 3*x**2 + 30*x. What is p(b)?
-6
Let k(f) be the second derivative of 1/2*f**2 + 0*f**3 - 1/2*f**4 + 0 - 6*f. Determine k(-1).
-5
Let z(s) = -s**3 + 5*s**2 - 2*s. Let g(n) = -n**3 - 9*n**2 - 8*n + 3. Let a be g(-8). Calculate z(a).
12
Let y(p) be the third derivative of p**6/120 + p**5/12 + p**4/24 - 2*p**3/3 + p**2. Give y(-3).
11
Let q(m) be the first derivative of m**2 - 5*m - 15. Calculate q(6).
7
Let g be 6 + 0 + (-3 - -1). Let w(h) = -3 - g*h + 0*h + 3*h + 4*h. Let v = -3 - -5. Calculate w(v).
3
Let h(p) = -p**3 - 4*p**2 - p. Suppose -4*u = -3*j - 1, 4*j - u + 10 = -0*u. Determine h(j).
-6
Let z(k) = 1. Let o(a) = -a - 13. Let j = -1 - -2. Let s(u) = j*o(u) + 5*z(u). Let p(d) = -d**3 + 9*d**2 - 9*d + 3. Let t be p(8). Determine s(t).
-3
Let w be (-5)/(-2) + (4/8 - 0). Let y(o) be the first derivative of o + 1 - o**2 - 1/3*o**w. Determine y(-4).
-7
Let q(c) = -17*c - 19*c + 35*c. What is q(2)?
-2
Let p(s) = 0 - 3*s + 0. Let o = 1 + 3. Suppose -4*g = -0*i - 5*i + 2, o*i - 8 = 0. What is p(g)?
-6
Let h(j) be the first derivative of 5/3*j**3 - 2 - 1/2*j**2 - 2*j + 1/4*j**4. Let z be (0 + (-4 - 1))/1. Determine h(z).
3
Let p be (-3)/(-4) - (-140)/(-16). Let m(q) = -q - 2. Calculate m(p).
6
Let n be ((-2)/4)/(18/180). Let o(l) be the second derivative of l**4/12 + 5*l**3/6 - l**2/2 + l. Calculate o(n).
-1
Let q(t) = -9*t**3 - t**2 + 1. Suppose 2*g + 7 = -5. Let i = g - -5. Give q(i).
9
Let y(z) = -z**3 - 8*z**2 - 6*z + 7. Let p be y(-7). Suppose -4*m = -p*b + b + 16, -5*b + 20 = -5*m. Suppose -5*n + 0*n = b. Let r(h) = -h + 1. Calculate r(n).
1
Suppose -q - 14 = -5*a - 3*q, -2*a - 2*q + 8 = 0. Let t(g) = -g**3 + 0*g + 2*g - 2*g + 2*g**2. Give t(a).
0
Let u(h) = -h**3 - 5*h**2 + 7. Suppose 6*a = 8*a + 2. Let g = -6 - a. Determine u(g).
7
Let i(s) be the third derivative of -s**6/15 - s**4/24 + 4*s**2 - 5*s. Calculate i(-1).
9
Let o(n) be the second derivative of 0 + 2/3*n**3 + 3*n - n**2. Let a(u) = u**3 + 3*u**2 - u - 1. Let v be a(-3). Calculate o(v).
6
Suppose 5*d = d + 12. Suppose 5*m = d*f - 21, 5*m = f - 20 + 3. Let i(y) = -5*y + 2*y**2 + 3*y**f + y**2 - y**3 + 6. What is i(5)?
6
Suppose -3*q + 33 = q + 5*h, 0 = 4*q + 4*h - 28. Let g be 2/4 - 5/10. Let d(f) = f + 3 - q*f + g - 3*f. What is d(2)?
-5
Let v(n) = -4*n + 2. Let u(t) = 3*t - 3. Let p(k) = -2*u(k) - 3*v(k). Suppose 5*g - 9 + 4 = 0. Give p(g).
6
Let c = -1163/105 + 78/7. Let q(l) be the third derivative of 0*l + c*l**5 + 0 + 2/3*l**3 - 1/120*l**6 - 1/12*l**4 + 3*l**2. What is q(4)?
-4
Let u(b) = b**3 + 3*b**2 - 2*b - 3. Let g be 3/(-2) + 7/(-14). Calculate u(g).
5
Let n(b) = -4*b + 15. Let f(a) = 3*a - 10. Let r(y) = -7*f(y) - 5*n(y). Let j be 0 - (1 + 1 + -5). Let g be (-2)/j - (-20)/(-6). Calculate r(g).
-1
Suppose -2*x - 2 = -8. Let l(h) = h**2 - 3*h + 2. Give l(x).
2
Suppose 12 = -4*r, -2*y - 5 = 4*r - r. Let j(f) = -y*f + f + 0*f + 5. Suppose 3 = 3*w + 2*n + 13, 4*n + 20 = 2*w. What is j(w)?
5
Let z = -9 + 11. Let d(w) be the second derivative of 0 - 1/2*w**3 - 1/2*w**2 - z*w. Determ